{"id":9508,"date":"2025-10-17T15:24:08","date_gmt":"2025-10-17T12:24:08","guid":{"rendered":"https:\/\/pigiyim.com\/?post_type=product&#038;p=9508"},"modified":"2026-02-11T21:42:35","modified_gmt":"2026-02-11T18:42:35","slug":"unisex-cizgili-tenis-corap","status":"publish","type":"product","link":"https:\/\/pigiyim.com\/?product=unisex-cizgili-tenis-corap","title":{"rendered":"Unisex \u00c7izgili Tenis \u00c7orap"},"content":{"rendered":"<p>&#8211; G\u00fcnl\u00fck kullan\u0131m i\u00e7in ideal, casual tarz\u0131yla her ortama uyum sa\u011flayan beyaz tenis \u00e7orap.; &#8211; Pamuklu materyali sayesinde ayaklar\u0131n\u0131z g\u00fcn boyu rahat ederken, dokuma kuma\u015f\u0131 konforunuzu art\u0131r\u0131r.; &#8211; Her ya\u015f grubuna hitap eden unisex tasar\u0131m\u0131yla aile bireylerinin t\u00fcm\u00fc i\u00e7in uygundur.; &#8211; Gen\u00e7lerin enerjisini yans\u0131tan \u00e7izgili deseniyle \u015f\u0131kl\u0131\u011f\u0131 ve sporu bir arada sunar.; &#8211; Standart beden se\u00e7ene\u011fi ile geni\u015f kullan\u0131c\u0131 kitlesine hitap eder; 36-42 numara aras\u0131 ayak \u00f6l\u00e7\u00fclerine uygundur.; &#8211; Kolay bak\u0131m imkan\u0131 sunan y\u0131kama talimatlar\u0131na sahip olup, uzun s\u00fcreli kullan\u0131m i\u00e7in dayan\u0131kl\u0131l\u0131\u011f\u0131 garanti eder.; &#8211; Sade ve d\u00fcz yap\u0131s\u0131yla di\u011fer giysilerinizle kolayca kombinlenebilir; zamans\u0131z bir stil olu\u015fturman\u0131zda yard\u0131mc\u0131 olur.<\/p>\n","protected":false},"excerpt":{"rendered":"<p>&#8211; G\u00fcnl\u00fck kullan\u0131m i\u00e7in ideal, casual tarz\u0131yla her ortama uyum sa\u011flayan beyaz tenis \u00e7orap.; &#8211; Pamuklu materyali sayesinde ayaklar\u0131n\u0131z g\u00fcn [&hellip;]<\/p>\n","protected":false},"featured_media":1413,"comment_status":"open","ping_status":"closed","template":"","meta":{"site-sidebar-layout":"default","site-content-layout":"","ast-site-content-layout":"default","site-content-style":"default","site-sidebar-style":"default","ast-global-header-display":"","ast-banner-title-visibility":"","ast-main-header-display":"","ast-hfb-above-header-display":"","ast-hfb-below-header-display":"","ast-hfb-mobile-header-display":"","site-post-title":"","ast-breadcrumbs-content":"","ast-featured-img":"","footer-sml-layout":"","theme-transparent-header-meta":"","adv-header-id-meta":"","stick-header-meta":"","header-above-stick-meta":"","header-main-stick-meta":"","header-below-stick-meta":"","astra-migrate-meta-layouts":"default","ast-page-background-enabled":"default","ast-page-background-meta":{"desktop":{"background-color":"var(--ast-global-color-5)","background-image":"","background-repeat":"repeat","background-position":"center center","background-size":"auto","background-attachment":"scroll","background-type":"","background-media":"","overlay-type":"","overlay-color":"","overlay-opacity":"","overlay-gradient":""},"tablet":{"background-color":"","background-image":"","background-repeat":"repeat","background-position":"center center","background-size":"auto","background-attachment":"scroll","background-type":"","background-media":"","overlay-type":"","overlay-color":"","overlay-opacity":"","overlay-gradient":""},"mobile":{"background-color":"","background-image":"","background-repeat":"repeat","background-position":"center center","background-size":"auto","background-attachment":"scroll","background-type":"","background-media":"","overlay-type":"","overlay-color":"","overlay-opacity":"","overlay-gradient":""}},"ast-content-background-meta":{"desktop":{"background-color":"var(--ast-global-color-4)","background-image":"","background-repeat":"repeat","background-position":"center center","background-size":"auto","background-attachment":"scroll","background-type":"","background-media":"","overlay-type":"","overlay-color":"","overlay-opacity":"","overlay-gradient":""},"tablet":{"background-color":"var(--ast-global-color-4)","background-image":"","background-repeat":"repeat","background-position":"center center","background-size":"auto","background-attachment":"scroll","background-type":"","background-media":"","overlay-type":"","overlay-color":"","overlay-opacity":"","overlay-gradient":""},"mobile":{"background-color":"var(--ast-global-color-4)","background-image":"","background-repeat":"repeat","background-position":"center center","background-size":"auto","background-attachment":"scroll","background-type":"","background-media":"","overlay-type":"","overlay-color":"","overlay-opacity":"","overlay-gradient":""}}},"product_brand":[],"product_cat":[23],"product_tag":[],"class_list":{"0":"post-9508","1":"product","2":"type-product","3":"status-publish","4":"has-post-thumbnail","6":"product_cat-corap","7":"desktop-align-left","8":"tablet-align-left","9":"mobile-align-left","11":"first","12":"instock","13":"shipping-taxable","14":"purchasable","15":"product-type-variable"},"_links":{"self":[{"href":"https:\/\/pigiyim.com\/index.php?rest_route=\/wp\/v2\/product\/9508","targetHints":{"allow":["GET"]}}],"collection":[{"href":"https:\/\/pigiyim.com\/index.php?rest_route=\/wp\/v2\/product"}],"about":[{"href":"https:\/\/pigiyim.com\/index.php?rest_route=\/wp\/v2\/types\/product"}],"replies":[{"embeddable":true,"href":"https:\/\/pigiyim.com\/index.php?rest_route=%2Fwp%2Fv2%2Fcomments&post=9508"}],"wp:featuredmedia":[{"embeddable":true,"href":"https:\/\/pigiyim.com\/index.php?rest_route=\/wp\/v2\/media\/1413"}],"wp:attachment":[{"href":"https:\/\/pigiyim.com\/index.php?rest_route=%2Fwp%2Fv2%2Fmedia&parent=9508"}],"wp:term":[{"taxonomy":"product_brand","embeddable":true,"href":"https:\/\/pigiyim.com\/index.php?rest_route=%2Fwp%2Fv2%2Fproduct_brand&post=9508"},{"taxonomy":"product_cat","embeddable":true,"href":"https:\/\/pigiyim.com\/index.php?rest_route=%2Fwp%2Fv2%2Fproduct_cat&post=9508"},{"taxonomy":"product_tag","embeddable":true,"href":"https:\/\/pigiyim.com\/index.php?rest_route=%2Fwp%2Fv2%2Fproduct_tag&post=9508"}],"curies":[{"name":"wp","href":"https:\/\/api.w.org\/{rel}","templated":true}]}}