{"id":4246,"date":"2025-10-17T15:05:45","date_gmt":"2025-10-17T12:05:45","guid":{"rendered":"https:\/\/pigiyim.com\/?post_type=product&#038;p=4246"},"modified":"2026-02-11T21:36:32","modified_gmt":"2026-02-11T18:36:32","slug":"6-adet-likrali-erkek-penye-boxer-gri-sr001","status":"publish","type":"product","link":"https:\/\/pigiyim.com\/?product=6-adet-likrali-erkek-penye-boxer-gri-sr001","title":{"rendered":"6 Adet Likral\u0131 Erkek Penye Boxer &#8211; Gri -SR001"},"content":{"rendered":"<p>Pi Giyim\u00dcr\u00fcnlerimizle Konforu ve \u015e\u0131kl\u0131\u011f\u0131 Bir Arada Ke\u015ffedin!G\u00fcnl\u00fck kullan\u0131m i\u00e7in ideal, rahat ve yumu\u015fak dokusuyla konforlu bir deneyim sunan \u00fcr\u00fcnlerimiz, %100 pamuklu materyali sayesinde cildinize nefes ald\u0131r\u0131r ve g\u00fcn boyu rahatl\u0131k sa\u011flar.; Pamuklu kuma\u015f\u0131, cilt dostu yap\u0131s\u0131yla hassas ciltler i\u00e7in de uygundur.; Kal\u0131n yap\u0131lar\u0131yla so\u011fuk k\u0131\u015f g\u00fcnlerinde s\u0131cak tutar ve v\u00fccut \u0131s\u0131n\u0131z\u0131 korur.; Uygun fiyatlarla, kaliteli ve \u015f\u0131k \u00fcr\u00fcnlerimizle rahatl\u0131\u011f\u0131 ve tasar\u0131m\u0131 bir arada sunuyoruz.; Geni\u015f \u00fcr\u00fcn yelpazemizde her ya\u015fa ve her ihtiyaca uygun se\u00e7enekler bulabilirsiniz.; Kad\u0131n, erkek ve \u00e7ocuk kategorilerinde tasarlad\u0131\u011f\u0131m\u0131z \u00fcr\u00fcnlerimiz, kaliteli malzemeleri, modern tasar\u0131mlar\u0131 ve konforlu kesimleriyle fark yarat\u0131yor.; %100 m\u00fc\u015fteri memnuniyeti odakl\u0131 olarak, t\u00fcm \u00fcr\u00fcnlerimiz \u00f6zenle \u00fcretilmi\u015f ve kalite kontrol\u00fcnden ge\u00e7irilmi\u015ftir.; \u00dcr\u00fcn Kategorilerimiz:AtletBoxerS\u00fctyenFanila\u0130\u00e7 \u00c7ama\u015f\u0131r Tak\u0131mlar\u0131Erkek K\u00fclotKad\u0131n K\u00fclot\u00c7ocuk K\u00fclotTermal \u0130\u00e7likTaytPijama Alt\u0131Pa\u00e7al\u0131 K\u00fclotlar\u00c7orapG\u00f6mlekPantolonSweatshirtTayt ve daha fazlas\u0131!Neden Bizi Tercih Etmelisiniz?Ekonomik ve \u00dcr\u00fcnler: B\u00fct\u00e7enize dost se\u00e7enekler sunuyoruz.; Pamuklu ve Sa\u011fl\u0131kl\u0131 Kuma\u015flar: T\u00fcm \u00fcr\u00fcnlerimiz cilt dostu ve nefes alabilir \u00f6zellikte.; Y\u00fcksek Kalite: Uzun \u00f6m\u00fcrl\u00fc ve dayan\u0131kl\u0131 \u00fcr\u00fcnlerimizle g\u00fcvenli kullan\u0131m sa\u011flar.; Her Mevsime Uygun \u00c7\u00f6z\u00fcmler: Yaz i\u00e7in hafif ve ferah, k\u0131\u015f i\u00e7in s\u0131cak tutan tasar\u0131mlar.; Geni\u015f Beden ve Renk Se\u00e7enekleri: Kad\u0131n, erkek ve \u00e7ocuklar i\u00e7in her beden ve renk alternatifini sunuyoruz.; Kolay Y\u0131kanabilir ve Uzun S\u00fcre Formunu Korumaya Devam Eder: \u00dcr\u00fcnlerimiz pratik kullan\u0131mla uzun s\u00fcreli dayan\u0131kl\u0131l\u0131k sa\u011flar.; Ucuz, Ekonomik ve Kaliteli \u00dcr\u00fcnler \u0130\u00e7in Do\u011fru Yerdesiniz! \u00dcr\u00fcnlerimizi \u015fimdi sipari\u015f verin, uygun fiyatlarla kalitenin keyfini \u00e7\u0131kar\u0131n!<\/p>\n","protected":false},"excerpt":{"rendered":"<p>Pi Giyim\u00dcr\u00fcnlerimizle Konforu ve \u015e\u0131kl\u0131\u011f\u0131 Bir Arada Ke\u015ffedin!G\u00fcnl\u00fck kullan\u0131m i\u00e7in ideal, rahat ve yumu\u015fak dokusuyla konforlu bir deneyim sunan \u00fcr\u00fcnlerimiz, [&hellip;]<\/p>\n","protected":false},"featured_media":1204,"comment_status":"open","ping_status":"closed","template":"","meta":{"site-sidebar-layout":"default","site-content-layout":"","ast-site-content-layout":"default","site-content-style":"default","site-sidebar-style":"default","ast-global-header-display":"","ast-banner-title-visibility":"","ast-main-header-display":"","ast-hfb-above-header-display":"","ast-hfb-below-header-display":"","ast-hfb-mobile-header-display":"","site-post-title":"","ast-breadcrumbs-content":"","ast-featured-img":"","footer-sml-layout":"","theme-transparent-header-meta":"","adv-header-id-meta":"","stick-header-meta":"","header-above-stick-meta":"","header-main-stick-meta":"","header-below-stick-meta":"","astra-migrate-meta-layouts":"default","ast-page-background-enabled":"default","ast-page-background-meta":{"desktop":{"background-color":"var(--ast-global-color-5)","background-image":"","background-repeat":"repeat","background-position":"center center","background-size":"auto","background-attachment":"scroll","background-type":"","background-media":"","overlay-type":"","overlay-color":"","overlay-opacity":"","overlay-gradient":""},"tablet":{"background-color":"","background-image":"","background-repeat":"repeat","background-position":"center center","background-size":"auto","background-attachment":"scroll","background-type":"","background-media":"","overlay-type":"","overlay-color":"","overlay-opacity":"","overlay-gradient":""},"mobile":{"background-color":"","background-image":"","background-repeat":"repeat","background-position":"center center","background-size":"auto","background-attachment":"scroll","background-type":"","background-media":"","overlay-type":"","overlay-color":"","overlay-opacity":"","overlay-gradient":""}},"ast-content-background-meta":{"desktop":{"background-color":"var(--ast-global-color-4)","background-image":"","background-repeat":"repeat","background-position":"center center","background-size":"auto","background-attachment":"scroll","background-type":"","background-media":"","overlay-type":"","overlay-color":"","overlay-opacity":"","overlay-gradient":""},"tablet":{"background-color":"var(--ast-global-color-4)","background-image":"","background-repeat":"repeat","background-position":"center center","background-size":"auto","background-attachment":"scroll","background-type":"","background-media":"","overlay-type":"","overlay-color":"","overlay-opacity":"","overlay-gradient":""},"mobile":{"background-color":"var(--ast-global-color-4)","background-image":"","background-repeat":"repeat","background-position":"center center","background-size":"auto","background-attachment":"scroll","background-type":"","background-media":"","overlay-type":"","overlay-color":"","overlay-opacity":"","overlay-gradient":""}}},"product_brand":[],"product_cat":[20],"product_tag":[],"class_list":{"0":"post-4246","1":"product","2":"type-product","3":"status-publish","4":"has-post-thumbnail","6":"product_cat-boxer","7":"desktop-align-left","8":"tablet-align-left","9":"mobile-align-left","11":"first","12":"instock","13":"shipping-taxable","14":"purchasable","15":"product-type-variable"},"_links":{"self":[{"href":"https:\/\/pigiyim.com\/index.php?rest_route=\/wp\/v2\/product\/4246","targetHints":{"allow":["GET"]}}],"collection":[{"href":"https:\/\/pigiyim.com\/index.php?rest_route=\/wp\/v2\/product"}],"about":[{"href":"https:\/\/pigiyim.com\/index.php?rest_route=\/wp\/v2\/types\/product"}],"replies":[{"embeddable":true,"href":"https:\/\/pigiyim.com\/index.php?rest_route=%2Fwp%2Fv2%2Fcomments&post=4246"}],"wp:featuredmedia":[{"embeddable":true,"href":"https:\/\/pigiyim.com\/index.php?rest_route=\/wp\/v2\/media\/1204"}],"wp:attachment":[{"href":"https:\/\/pigiyim.com\/index.php?rest_route=%2Fwp%2Fv2%2Fmedia&parent=4246"}],"wp:term":[{"taxonomy":"product_brand","embeddable":true,"href":"https:\/\/pigiyim.com\/index.php?rest_route=%2Fwp%2Fv2%2Fproduct_brand&post=4246"},{"taxonomy":"product_cat","embeddable":true,"href":"https:\/\/pigiyim.com\/index.php?rest_route=%2Fwp%2Fv2%2Fproduct_cat&post=4246"},{"taxonomy":"product_tag","embeddable":true,"href":"https:\/\/pigiyim.com\/index.php?rest_route=%2Fwp%2Fv2%2Fproduct_tag&post=4246"}],"curies":[{"name":"wp","href":"https:\/\/api.w.org\/{rel}","templated":true}]}}